ns digit of 4237?
3
What is the ten thousands digit of 13069?
1
What is the tens digit of 2401?
0
What is the units digit of 7569?
9
What is the thousands digit of 3543?
3
What is the tens digit of 40913?
1
What is the tens digit of 11476?
7
What is the units digit of 71570?
0
What is the units digit of 4190?
0
What is the tens digit of 140753?
5
What is the thousands digit of 2194?
2
What is the thousands digit of 1861?
1
What is the units digit of 1340?
0
What is the tens digit of 700?
0
What is the thousands digit of 99193?
9
What is the tens digit of 407?
0
What is the ten thousands digit of 53955?
5
What is the units digit of 31166?
6
What is the units digit of 5604?
4
What is the tens digit of 2566?
6
What is the tens digit of 392?
9
What is the units digit of 791?
1
What is the ten thousands digit of 34014?
3
What is the thousands digit of 3136?
3
What is the tens digit of 1010?
1
What is the ten thousands digit of 118635?
1
What is the tens digit of 30771?
7
What is the thousands digit of 2861?
2
What is the ten thousands digit of 192042?
9
What is the thousands digit of 1826?
1
What is the hundreds digit of 547?
5
What is the units digit of 3425?
5
What is the thousands digit of 1990?
1
What is the thousands digit of 3228?
3
What is the units digit of 942?
2
What is the thousands digit of 1450?
1
What is the tens digit of 204?
0
What is the tens digit of 37467?
6
What is the tens digit of 38?
3
What is the units digit of 39596?
6
What is the tens digit of 460?
6
What is the thousands digit of 16053?
6
What is the hundreds digit of 995?
9
What is the tens digit of 49062?
6
What is the tens digit of 4108?
0
What is the tens digit of 324?
2
What is the hundreds digit of 944?
9
What is the tens digit of 1514?
1
What is the hundreds digit of 11689?
6
What is the thousands digit of 3209?
3
What is the hundreds digit of 2563?
5
What is the tens digit of 508?
0
What is the ten thousands digit of 94914?
9
What is the units digit of 404?
4
What is the tens digit of 2026?
2
What is the tens digit of 527?
2
What is the tens digit of 90?
9
What is the units digit of 1005?
5
What is the thousands digit of 7327?
7
What is the hundred thousands digit of 114331?
1
What is the units digit of 4368?
8
What is the hundreds digit of 13690?
6
What is the hundred thousands digit of 183963?
1
What is the units digit of 138?
8
What is the hundreds digit of 3107?
1
What is the tens digit of 4868?
6
What is the hundreds digit of 36786?
7
What is the units digit of 14358?
8
What is the hundreds digit of 63468?
4
What is the hundreds digit of 10153?
1
What is the ten thousands digit of 30273?
3
What is the ten thousands digit of 41925?
4
What is the thousands digit of 1492?
1
What is the hundreds digit of 33463?
4
What is the units digit of 9888?
8
What is the tens digit of 1206?
0
What is the thousands digit of 2337?
2
What is the hundreds digit of 13723?
7
What is the tens digit of 14352?
5
What is the units digit of 402?
2
What is the thousands digit of 3272?
3
What is the thousands digit of 83680?
3
What is the hundreds digit of 115260?
2
What is the thousands digit of 11146?
1
What is the thousands digit of 1115?
1
What is the thousands digit of 7520?
7
What is the thousands digit of 3840?
3
What is the tens digit of 2991?
9
What is the ten thousands digit of 30508?
3
What is the hundreds digit of 19590?
5
What is the units digit of 11230?
0
What is the thousands digit of 26204?
6
What is the thousands digit of 1329?
1
What is the ten thousands digit of 17597?
1
What is the tens digit of 324?
2
What is the tens digit of 7895?
9
What is the units digit of 1448?
8
What is the tens digit of 573?
7
What is the tens digit of 92?
9
What is the units digit of 10517?
7
What is the units digit of 22744?
4
What is the tens digit of 226?
2
What is the hundreds digit of 1839?
8
What is the units digit of 1292?
2
What is the hundreds digit of 55340?
3
What is the units digit of 12189?
9
What is the hundreds digit of 92383?
3
What is the tens digit of 23087?
8
What is the units digit of 1364?
4
What is the hundreds digit of 91639?
6
What is the tens digit of 640?
4
What is the tens digit of 6595?
9
What is the units digit of 9864?
4
What is the units digit of 7147?
7
What is the units digit of 44266?
6
What is the tens digit of 8129?
2
What is the hundreds digit of 717?
7
What is the units digit of 14176?
6
What is the thousands digit of 1137?
1
What is the tens digit of 3734?
3
What is the tens digit of 3055?
5
What is the units digit of 7662?
2
What is the tens digit of 1141?
4
What is the tens digit of 24179?
7
What is the units digit of 74136?
6
What is the tens digit of 2646?
4
What is the ten thousands digit of 22441?
2
What is the units digit of 2389?
9
What is the tens digit of 76639?
3
What is the hundreds digit of 1266?
2
What is the thousands digit of 13030?
3
What is the tens digit of 11667?
6
What is the tens digit of 31543?
4
What is the units digit of 520?
0
What is the tens digit of 414?
1
What is the units digit of 12865?
5
What is the thousands digit of 109584?
9
What is the thousands digit of 13641?
3
What is the tens digit of 197?
9
What is the thousands digit of 1468?
1
What is the tens digit of 6063?
6
What is the thousands digit of 1789?
1
What is the tens digit of 21516?
1
What is the thousands digit of 28631?
8
What is the thousands digit of 1335?
1
What is the hundreds digit of 137820?
8
What is the units digit of 849?
9
What is the hundreds digit of 110279?
2
What is the thousands digit of 1701?
1
What is the units digit of 165?
5
What is the units digit of 2466?
6
What is the units digit of 8899?
9
What is the ten thousands digit of 10983?
1
What is the thousands digit of 1009?
1
What is the hundreds digit of 48444?
4
What is the thousands digit of 15954?
5
What is the hundreds digit of 1613?
6
What is the hundreds digit of 4910?
9
What is the ten thousands digit of 23144?
2
What is the hundreds digit of 7463?
4
What is the tens digit of 3821?
2
What is the units digit of 943?
3
What is the hundreds digit of 114?
1
What is the units digit of 635?
5
What is the units digit of 75349?
9
What is the tens digit of 24857?
5
What is the hundreds digit of 4519?
5
What is the hundreds digit of 21008?
0
What is the units digit of 5876?
6
What is the tens digit of 2259?
5
What is the thousands digit of 2072?
2
What is the units digit of 648?
8
What is the hundreds digit of 4451?
4
What is the units digit of 2174?
4
What is the thousands digit of 1951?
1
What is the hundreds digit of 897?
8
What is the hundreds digit of 1628?
6
What is the units digit of 22759?
9
What is the units digit of 3024?
4
What is the ten thousands digit of 31217?
3
What is the units digit of 917?
7
What is the hundreds digit of 24600?
6
What is the thousands digit of 13308?
3
What is the units digit of 30548?
8
What is the thousands digit of 6254?
6
What is the tens digit of 8057?
5
What is the ten thousands digit of 39176?
3
What is the tens digit of 75362?
6
What is the ten thousands digit of 31542?
3
What is the units digit of 7875?
5
What is the ten thousands digit of 10044?
1
What is the units digit of 220?
0
What is the hundreds digit of 1785?
7
What is the units digit of 2594?
4
What is the units digit of 21147?
7
What is the tens digit of 1018?
1
What is the units digit of 17304?
4
What is the tens digit of 27914?
1
What is the thousands digit of 21526?
1
What is the tens digit of 38101?
0
What is the units digit of 3015?
5
What is the hundreds digit of 1951?
9
What is the units digit of 1943?
3
What is the hundreds digit of 15774?
7
What is the tens digit of 13?
1
What is the thousands digit of 1305?
1
What is the tens digit of 567?
6
What is the hundreds digit of 9183?
1
What is the ten thousands digit of 26026?
2
What is the units digit of 4741?
1
What is the ten thousands digit of 37070?
3
What is the units digit of 426?
6
What is the tens digit of 3272?
7
What is the units digit of 6467?
7
What is the tens digit of 9992?
9
What is the units digit of 534?
4
What is the hundreds digit of 458?
4
What is the tens digit of 17704?
0
What is the hundreds digit of 945?
9
What is the tens digit of 8134?
3
What is the thousands digit of 10267?
0
What is the units digit of 3